et x be t(-4). Let g be 852/(-16) - 1/x. Let k = -33 - g. Calculate the remainder when 77 is divided by k.
17
Let l = -49 + 81. Suppose l + 50 = t. Calculate the remainder when t is divided by 17.
14
Suppose 0 = 3*b + 2*c, -b = -4*b - c + 3. Suppose v = b, 6*v = -5*h + v + 40. What is the remainder when 17 is divided by h?
5
Let r(m) = -m**3 + 3*m**2 + 5*m + 4. Let f be r(6). Suppose 0 = -37*y + 21*y + 2*y + 196. What is the remainder when (-3)/(f/36 - -2) is divided by y?
12
Suppose 2*y - 29 - 5 = 0. Calculate the remainder when 117 is divided by y.
15
Suppose 24*n - 20*n = 2*y + 168, 0 = -9*n + 2*y + 373. What is the remainder when 185 is divided by n?
21
Calculate the remainder when (90/(-27))/(10/(-45)) is divided by 5.
0
Let c = -51 - -174. Suppose -112 - c = -5*x + 5*k, 0 = 4*x - 2*k - 192. What is the remainder when x is divided by 25?
24
Suppose -7*y - 16 = -100. What is the remainder when 39 is divided by y?
3
Suppose -1867 + 67 = -200*q. Calculate the remainder when (4 + -2)/2 - -41 is divided by q.
6
Let s = 130 - 104. Suppose -123 = s*p - 27*p. What is the remainder when p is divided by 63?
60
Let i(k) = -k**3 + 15*k**2 + 2*k - 9. Let o be i(15). What is the remainder when 624/28 - 6/o is divided by 8?
6
Suppose -o = 3*j - 6*o + 19, 2*j = -o + 9. Let v(x) = 14*x - 7. Calculate the remainder when v(j) is divided by 13.
8
Suppose -392*w = -394*w + 132. Calculate the remainder when w is divided by 35.
31
Let o be -1 + 1 + -2*2/(-4). Let y(h) = 81*h - 2. What is the remainder when y(o) is divided by 20?
19
Suppose 0 - 2 = -m + 2*w, 2*m - 2*w - 6 = 0. Suppose -2*i - 57 = i + c, i + 23 = c. Let a = i - -31. Calculate the remainder when a is divided by m.
3
Let z = -129 + 306. What is the remainder when z is divided by 57?
6
Let z = 1062 + -809. What is the remainder when z is divided by 88?
77
Let c = 750 - 393. Calculate the remainder when c is divided by 12.
9
Let r(s) = -s**2 + 4*s + 24. Let q be r(7). What is the remainder when 12 is divided by ((q - -18)/(-3))/(-1)?
5
Let w be 78/(2 + 1) - 2. Suppose -5*j + 94 = w. Let i = 11 - 6. Calculate the remainder when j is divided by i.
4
Suppose -119 = -5*i + 12*i. What is the remainder when (0 + i/(-2))*12 is divided by 21?
18
Let r be (6/(-4))/(6/(-8)). Let x = 421 + -415. Suppose -x*c = -r*c - 32. Calculate the remainder when 29 is divided by c.
5
Let h(a) = -a + 19. Let v be h(8). Let l = v - -41. What is the remainder when l is divided by 11?
8
Let y(v) = -3*v**2 - 76*v + 55. What is the remainder when y(-25) is divided by 3?
2
Suppose 3*y + 29*c - 30*c - 46 = 0, -y + 5*c = -20. Let o(m) = 23*m**3 + m**2. Calculate the remainder when o(1) is divided by y.
9
Let v(s) = -1 - 4 + 18*s + 0 + 3. What is the remainder when 95 is divided by v(1)?
15
What is the remainder when 73 is divided by 36/45 + 182/10 - 0?
16
Suppose h - 997 = 4*q, -4*h + 4*q - 2991 = -7*h. Calculate the remainder when h is divided by 37.
35
Let d = 2578 + -1920. What is the remainder when d is divided by 6?
4
Let a be 3/6*-2*1. Let u(x) = -25*x. Suppose -77 = -9*w + 40. What is the remainder when u(a) is divided by w?
12
Calculate the remainder when 717 is divided by (-270)/(-6) + -6 + (6 - 7).
33
Suppose y = -y + 26. What is the remainder when (-1336)/(-18) + (-174)/54 + 3 is divided by y?
9
Let n = -166 - -93. Let l = -42 - n. What is the remainder when 61 is divided by l?
30
Suppose 339 + 1061 = 35*r. Calculate the remainder when 257 is divided by r.
17
Let t(c) = c + 14. Let o be t(-14). Let d(f) = f - 4. Let s be d(o). Let h = 4 - s. What is the remainder when 30 is divided by h?
6
Let a = 220 - 185. Calculate the remainder when 131 is divided by a.
26
Suppose 4*u - u = 15. Suppose -4*z - 124 = -u*z. Suppose -4*a - 4*q + z = 0, 3*a - 95 = -2*q + 2. Calculate the remainder when a is divided by 18.
17
Suppose 0 = 2*r - 7*r + 20. Suppose r = i, -t + i + 11 = -46. What is the remainder when t is divided by 16?
13
Let a(p) = 38*p + 123. Calculate the remainder when a(-3) is divided by 1.
0
Let j = -778 + 1336. Calculate the remainder when j is divided by 17.
14
Let v = 16 - 8. Suppose 0 = -4*w + 16, 5*g - v*w + 3*w = 215. What is the remainder when 91 is divided by g?
44
Suppose -15*c + 19*c - 43 = -m, -2*c = m - 37. Calculate the remainder when 508 is divided by m.
12
Suppose -3*q = 5*q - 80. Let z(g) = -g + 6. What is the remainder when z(-12) is divided by q?
8
Let s = 132 - 127. Suppose 26 + 49 = s*a. Calculate the remainder when 50 is divided by a.
5
Calculate the remainder when ((-462)/4)/(-2 - (-10)/8) is divided by 58.
38
Let y be (32/(-6) - -6)*(-69)/(-2). Suppose -65 + y = -3*j. Let n = 7 - -30. What is the remainder when n is divided by j?
9
Calculate the remainder when (1/3)/(7/(-462))*-7 is divided by 75.
4
Let c(n) = -n**2 - 22*n - 19. Let z be c(-21). What is the remainder when 98 is divided by 21/z + 9/(-18)?
8
Let t(b) = -2*b - 7. Let f be t(-4). Calculate the remainder when 22*(0 - (-5 + f)) is divided by 10.
8
What is the remainder when (195/26 + -6)*140/6 is divided by 30?
5
Let l = 0 + -1. Let q(j) = -j + 5. What is the remainder when q(-1) is divided by -3*2/(-1 + l)?
0
Let s = -55 + 94. What is the remainder when s is divided by (-29 + 31)*10/4*3?
9
Let l(g) = 186*g**2 + 10*g - 17. Calculate the remainder when l(2) is divided by 50.
47
Suppose 4*x - 39 = 21. Suppose 0 = 20*w - x*w - 795. What is the remainder when w is divided by 32?
31
Let j = 390 + -340. Calculate the remainder when j is divided by 4.
2
Let s be 3/((-45)/20)*6/1. What is the remainder when 94 is divided by 108/(-9)*s/6?
14
Suppose 314 + 278 = q. What is the remainder when q is divided by 35?
32
Suppose -79*a + 8*a + 11431 = 0. Calculate the remainder when a is divided by 17.
8
Let i(j) = j**2 - 2*j - 2. Let o be i(-2). Let w = -13 + 46. Calculate the remainder when w is divided by 3 - (-4)/o*9.
6
Suppose 0 = -145*u + 140*u + 4*z + 170, -3*u = z - 102. Suppose -1 = 5*r - 61. Calculate the remainder when u is divided by r.
10
Let o(x) be the first derivative of -x**4/4 + 14*x**3/3 - 25*x**2/2 + 13*x - 12. Calculate the remainder when 2 is divided by o(12).
0
Suppose 0 = -w + 4, -6 = -4*r + 3*w + 2. Suppose p - r = 4. What is the remainder when 33 is divided by p?
6
Suppose 3*t = 4*k + 376, k + 54 = t - 70. Calculate the remainder when t is divided by 34.
18
Let i(w) = 2*w - 13. Suppose -n = 2*g - 4*n - 5, 3*g = 5*n + 5. Let h = 2 + 1. Calculate the remainder when i(g) is divided by h.
1
Let x = -148 - -233. What is the remainder when x is divided by 2 - (0 + 1*-41)?
42
Let d(m) = 2*m**2 - 4*m + 35. Calculate the remainder when 99 is divided by d(4).
48
Let d = -32 + 29. Let o(r) = r**3 + 2*r**2 - 6*r + 3. What is the remainder when o(d) is divided by 7?
5
Calculate the remainder when 0/(-30) + 64 + -2 is divided by 12.
2
Let x(w) = 117*w**2 - 2*w - 3. Let h be (11 - 8)*(-2)/(5 - -1). Calculate the remainder when x(h) is divided by 17.
14
Let z = 102 - 80. Calculate the remainder when 60 is divided by z.
16
Let l = 63 - 60. Let w(c) = 26*c**2 - 1. What is the remainder when ((-2)/l)/(6/(-441)) is divided by w(-1)?
24
Let i = 40 + 5. Let p = 26 + -10. Calculate the remainder when i is divided by p.
13
Let x be -1*(-3 - -2) - -11. Suppose -24*o + 116 = -100. What is the remainder when (2 + x/o)*15 is divided by 17?
16
Let c be (-10)/12 - 21010/132. What is the remainder when ((-156)/(-65))/((-6)/c) is divided by 34?
30
Let c be 4 + -7 + 2 + 1. Calculate the remainder when 10 is divided by c + 0 - (0 - 4).
2
Let c(j) = j**2 + 8*j - 15. Let o be c(-12). Suppose o = -5*m - 2*k + 86, 0 = 3*m + 4*k - 29. Calculate the remainder when 65 is divided by m.
10
Suppose 3*h - 2*d = -7 + 23, h + 18 = -4*d. Let r be (1 + 0)*(0 + h). Let u(a) = -a**3 + 3*a**2 + 2*a - 1. Calculate the remainder when u(r) is divided by 5.
2
Let v be (-63)/(-7) + 0 + 1. Suppose z - v = -4. Let w(l) = 5*l - 14. Calculate the remainder when 78 is divided by w(z).
14
Suppose 0 = -j - 71 + 251. Suppose -c = 4*c + w - 213, j = 4*c - 4*w. Suppose 3*d - c = -2*a, 5*a - 5*d = a + 31. What is the remainder when 53 is divided by a?
11
Suppose -4*w - 21 + 149 = 0. What is the remainder when w is divided by 18/10*(-440)/(-66)?
8
Suppose 0*k = -4*k + g + 12, 26 = 3*k - 5*g. 